late the greatest common factor of 605 and x.
5
Suppose 7*i - 2*y = 2*i - 103, 4*i + y + 72 = 0. Let c = -12 - i. Let q(t) = t + 7. Let o be q(c). Calculate the greatest common factor of 21 and o.
7
Suppose 21*a = 26*a. Suppose a = -5*j + 138 + 7. What is the greatest common factor of 1 and j?
1
Suppose -2*o = 4*f - 92, 155 = 3*o - 5*f + 28. Let j = 63 - o. Let y(u) = 3*u**2 - 9*u - 8. Let q be y(7). Calculate the greatest common divisor of j and q.
19
Suppose -23 = -3*p + j, -5*j + 7*j + 22 = 2*p. Calculate the highest common divisor of p and 108.
6
Let u = 65 + -33. Let x be (-12)/10*(163/(-3) + 1). What is the greatest common factor of u and x?
32
Suppose -3*y = r + 2*r - 57, 0 = 2*r - 4*y - 32. Let j be 3/r - 102/(-36). Suppose -j*d + 16 = -14. What is the highest common factor of d and 5?
5
Suppose 5*w - j = 45, -2*w + w = -3*j - 23. Let l = -10 - 19. Let h = 31 + l. Calculate the highest common divisor of h and w.
2
Let g(b) = b**3 + 13*b**2 + 25*b + 41. Let u be g(-7). What is the greatest common divisor of 180 and u?
20
Let y(l) = -2*l + 52. Let w be y(-36). What is the greatest common factor of 4 and w?
4
Let j(h) = 196*h**2 + 4*h + 8. Let p be j(2). What is the greatest common factor of 30 and p?
10
Let g(j) = 11*j - 2. Let x be g(4). Let l = 144 + -116. What is the greatest common factor of x and l?
14
Suppose z - 25 = 2. Suppose -69*x - 126 = -747. Calculate the greatest common divisor of z and x.
9
Let h be (825/99 - (-1 - -1))*9. What is the highest common factor of 400 and h?
25
Let x = 164 + 434. What is the greatest common divisor of 78 and x?
26
Let u = 227 + -413. Let t be 6/14 + u/(-7). Suppose -5*d - 3*i = -100, 4*d + 2*i - 53 = t. Calculate the greatest common divisor of d and 30.
10
Suppose r - 4 = -0*r. Suppose -r*z - 171 = -7*z. Suppose -m = 3*u - u - 23, -4*m = u - z. What is the greatest common divisor of m and 104?
13
Let i = 89 - 84. Suppose -2*l + 5*z + 2 + 9 = 0, -5*l + i*z + 50 = 0. Calculate the highest common factor of l and 104.
13
Suppose 0 = -n + 2*d + 53, -4*n - 28*d = -32*d - 204. What is the greatest common factor of 1813 and n?
49
Let v be (-4 + 244/10)*(-2 - -12). Let o = 37 - 25. What is the highest common factor of v and o?
12
Let u be (30/8)/(-5) + (-88)/(-32). Suppose y + 3*c - 834 = -u*y, y - 274 = -5*c. Calculate the highest common divisor of 31 and y.
31
Let k = 361 + -345. What is the highest common factor of 76 and k?
4
Suppose 0 = -39*n + 137 + 682. What is the highest common factor of 469 and n?
7
Let y(a) = 18*a**3 + a**2 + 12*a - 36. Let r be y(4). What is the greatest common factor of 20 and r?
20
Let w = 71 - 79. Let k be (-314)/(-16) - 3/w. Calculate the highest common factor of 200 and k.
20
Let m be (0 - -9)/(6/4). Let p = -18 + m. Let r = 10 - p. What is the highest common divisor of r and 11?
11
Suppose 385 = 9*s - 83. Let f = -30 + s. Suppose 2 = 3*g - 1, -2*z - 3*g = -47. Calculate the highest common divisor of f and z.
22
Let g = -57 + 183. Let t be (-122)/14 - 36/g. Let b = t - -32. What is the greatest common divisor of 138 and b?
23
Let v be 15/12 - -3*604/48. Calculate the greatest common factor of v and 13.
13
Let h(i) = -102*i - 9. Let s be h(-4). Calculate the highest common divisor of s and 42.
21
Let r = -1 + 9. Let x = 19 + r. Let k be x/(-45) + 246/10. Calculate the greatest common factor of 16 and k.
8
Let x = -60 + 246. Let a(r) = r**3 + 185*r - x*r + 36 + 2*r**2 - 3*r**2. Let m be a(0). What is the greatest common divisor of m and 24?
12
Let a(y) = 3*y**2 - y - 3. Let i be a(2). Let v = i + 23. Let j(g) = g**3 - 2*g**2 - 5*g + 3. Let f be j(4). What is the greatest common divisor of v and f?
15
Suppose -8*h + 6*h - 4 = 0. Let s = 6 - h. What is the greatest common factor of s and 40?
8
Let c be (58/(-87))/(2/(-1095)). What is the greatest common factor of c and 5?
5
Let w be -2*((-60)/8 - 3). Let x = 3 + w. Calculate the highest common factor of 3 and x.
3
Let s be (2 - (1 - 27)) + -4. Let d = s - 11. What is the greatest common factor of 143 and d?
13
Suppose 2 = -3*h - 1. Let d(k) be the first derivative of -10*k**2 + 4. Let y be d(h). What is the greatest common factor of 10 and y?
10
Suppose 24*k - 27*k - 18 = 0. Let m be 8 + 3*8/k. What is the highest common divisor of 16 and m?
4
Let y = 32 + -31. Let t = y + 11. What is the highest common factor of 24 and t?
12
Let n(m) = 2*m**2 + 4*m + 6. Let s be n(-5). Calculate the highest common divisor of 144 and s.
36
Let a = 73 - -287. What is the greatest common factor of a and 40?
40
Let p be (-2)/((-6)/1) - (-2360)/120. What is the highest common divisor of p and 370?
10
Let o = -504 - -529. Calculate the greatest common divisor of 25 and o.
25
Let w be (-7)/(-14)*(2 + 54). What is the highest common factor of 35 and w?
7
Suppose -x = -0*x + 6. Let t(f) = -f**2 - 14*f. Let s be t(x). Let v = 96 - 84. Calculate the highest common divisor of v and s.
12
Suppose -2*x + 2 = -3*k + 2*x, 3*k - 3*x = 0. Suppose -3*q = -3*v - 105, 6*q + 5*v - 95 = k*q. Let o = 25 + -5. What is the highest common divisor of o and q?
10
Suppose 5*i - 1765 = 5*x - 10*x, 5*i - 1710 = 6*x. What is the highest common factor of i and 24?
12
Let k be 1/(-1 + 54/52). Suppose 4*l - 2*s - k = s, 3*l - 21 = 3*s. Suppose 7 = 6*q - l. What is the greatest common factor of q and 3?
1
Suppose 3*f - 3*o = 0, 0*f - 3*o = -5*f + 2. Let j be -21*((-4)/(-6) - f). Let b be 14/49 + 1153/j. What is the highest common divisor of b and 15?
15
Let l = -276 + 375. What is the greatest common factor of 11 and l?
11
Let s be -2 - (70/5)/2. Let a be s/(-6)*16/6. Calculate the highest common factor of a and 36.
4
Let v be 4/20 + (20/25 - -3). Calculate the greatest common divisor of 164 and v.
4
Suppose -3*h + 132 = h. Let r = -10 + 14. Let q be r*(3 - 102)/(-3). What is the highest common factor of q and h?
33
Suppose -4*z + 9*i + 4212 = 4*i, i = -4. Let s be z/(-10)*20/(-8). Let p = s + -150. Calculate the greatest common factor of p and 16.
16
Let w be ((-4)/(-18))/(-1) - (-329)/63. Suppose 2*g - 15 = w. What is the greatest common factor of g and 10?
10
Let y = -99 + 122. What is the greatest common divisor of 115 and y?
23
Suppose 42 + 9 = v. Suppose -62 = 2*r + 3*a, -4*r - a - 124 = 4*a. Let k = r + v. What is the greatest common factor of k and 60?
20
Suppose -5*l + 85 = 5*g, g + 3*l = 24 - 1. Let y be (-4)/2 + g - -2. What is the greatest common factor of 35 and y?
7
Let p(q) = -29*q**3 + 1. Let v be 1/(-1)*1*1. Let a be p(v). Let j = -31271 + 31281. Calculate the highest common divisor of a and j.
10
Suppose -4*h + 226 + 238 = 0. What is the highest common factor of 87 and h?
29
Suppose 2*w = -4*y + 2234, 3*y - 378 = 4*w + 1325. What is the highest common divisor of y and 66?
33
Let j = 522 - 250. What is the highest common divisor of j and 1224?
136
Suppose 2*l + 16 = 5*i, -3*l + 22 = 4*i - 0*l. Let k be -4 - (0 - (i + 1)). What is the greatest common factor of 2 and k?
1
Let c = 9 + 4. Suppose 256 = 12*o - 212. Calculate the greatest common divisor of o and c.
13
Suppose 0 = -4*a - 4, 0 = 3*o + 2*a - 31. Let l = o - 9. Suppose 0 = s + 2*h - 8, 5*h = -3*s + 8 + 13. Calculate the greatest common factor of s and l.
2
Let z be 4/(-6)*27/(-6). Let o(a) = a**2 + 4*a - 11. Let y be o(-8). Suppose y = u + 6*u. What is the highest common divisor of u and z?
3
Suppose -1272 - 1032 = -16*m. Suppose 0 = -3*k, -5*h = -0*k - 5*k - 90. What is the highest common divisor of m and h?
18
Let y = 4 - 3. Let m be 16 + -2 + (0 - y). Let g(z) = 170*z - 406. Let f be g(3). What is the greatest common divisor of f and m?
13
Let a = -69 + 75. Let t(w) = -3*w + 5 + 0*w**2 + w**2 + 3. Let f be t(8). Calculate the highest common divisor of f and a.
6
Suppose 0 = -2*q + f - 41 + 444, -5*f + 25 = 0. Let t be (q/48)/((-2)/(-24)). What is the highest common divisor of t and 17?
17
Let l be 1*5*(-336)/(-40). Suppose 5*r - 70 = -5*v + r, 0 = 5*v - 2*r - 70. Suppose -v = 4*a - 5*a. What is the greatest common factor of a and l?
14
Let u be 104*13/((-39)/(-3)). What is the highest common divisor of u and 429?
13
Let u(f) = 27*f - 117. Let v be u(11). Calculate the greatest common factor of v and 300.
60
Let w = -543 - -622. Calculate the greatest common divisor of 395 and w.
79
Let r = 7 + 